{"id":14,"date":"2024-05-28T09:44:56","date_gmt":"2024-05-28T07:44:56","guid":{"rendered":"https:\/\/wordpress.integriert-studieren.jku.at\/?page_id=14"},"modified":"2024-06-28T12:01:07","modified_gmt":"2024-06-28T10:01:07","slug":"egov-campus-test-page","status":"publish","type":"page","link":"https:\/\/wordpress.integriert-studieren.jku.at\/index.php\/egov-campus-test-page\/","title":{"rendered":"eGov Campus Test Page"},"content":{"rendered":"\n<p>Die Seite die uns lehrt, wie wir Inhalte barrierefrei einpflegen.<\/p>\n\n\n\n<figure class=\"wp-block-image size-full\"><img loading=\"lazy\" decoding=\"async\" width=\"956\" height=\"637\" src=\"http:\/\/wordpress.integriert-studieren.jku.at\/wp-content\/uploads\/2024\/05\/der-ganz-normale-Wahnsinn.jpg\" alt=\"\" class=\"wp-image-44\" srcset=\"https:\/\/wordpress.integriert-studieren.jku.at\/wp-content\/uploads\/2024\/05\/der-ganz-normale-Wahnsinn.jpg 956w, https:\/\/wordpress.integriert-studieren.jku.at\/wp-content\/uploads\/2024\/05\/der-ganz-normale-Wahnsinn-300x200.jpg 300w, https:\/\/wordpress.integriert-studieren.jku.at\/wp-content\/uploads\/2024\/05\/der-ganz-normale-Wahnsinn-768x512.jpg 768w\" sizes=\"auto, (max-width: 709px) 85vw, (max-width: 909px) 67vw, (max-width: 1362px) 62vw, 840px\" \/><figcaption class=\"wp-element-caption\">test<\/figcaption><\/figure>\n\n\n\n<h2 class=\"wp-block-heading\">Einleitung<\/h2>\n\n\n\n<p>Das ist ein Flie\u00dftext <\/p>\n\n\n\n<h3 class=\"wp-block-heading\">0.1 Begr\u00fc\u00dfung<\/h3>\n\n\n\n<h3 class=\"wp-block-heading\">0.2 Inhalt<\/h3>\n\n\n\n<h3 class=\"wp-block-heading\">0.3 Zusammenfassung<\/h3>\n\n\n\n<ul class=\"wp-block-list\">\n<li>Element<\/li>\n\n\n\n<li>Element<\/li>\n\n\n\n<li>Element<\/li>\n<\/ul>\n\n\n\n<h2 class=\"wp-block-heading\">1. Kapitel 1<\/h2>\n\n\n\n<p>Und darauf werden wir eingehen:<\/p>\n\n\n\n<div class=\"wp-block-group\"><div class=\"wp-block-group__inner-container is-layout-constrained wp-block-group-is-layout-constrained\">\n<div class=\"wp-block-columns is-layout-flex wp-container-core-columns-is-layout-9d6595d7 wp-block-columns-is-layout-flex\">\n<div class=\"wp-block-column is-layout-flow wp-block-column-is-layout-flow\" style=\"flex-basis:100%\">\n<div class=\"wp-block-group\"><div class=\"wp-block-group__inner-container is-layout-constrained wp-block-group-is-layout-constrained\">\n<ul class=\"wp-block-list\">\n<li><a href=\"https:\/\/wordpress.integriert-studieren.jku.at\/index.php\/formular\/\" data-type=\"page\" data-id=\"46\">Formulare<\/a> &#8211; weil die Verwaltung Formulare liebt zum Datensammeln<\/li>\n\n\n\n<li>Listen &#8211; das machen wir gerade<\/li>\n\n\n\n<li><a href=\"https:\/\/wordpress.integriert-studieren.jku.at\/index.php\/tabelle\/\" data-type=\"page\" data-id=\"78\">Tabellen<\/a> &#8211; weil sich der Inhalt der Zelle erst aus dem Bezug zur Zeilen- und\/oder Spalten\u00fcberschrift ergibt.<\/li>\n<\/ul>\n<\/div><\/div>\n<\/div>\n<\/div>\n<\/div><\/div>\n\n\n\n<p><\/p>\n","protected":false},"excerpt":{"rendered":"<p>Die Seite die uns lehrt, wie wir Inhalte barrierefrei einpflegen. Einleitung Das ist ein Flie\u00dftext 0.1 Begr\u00fc\u00dfung 0.2 Inhalt 0.3 Zusammenfassung 1. Kapitel 1 Und darauf werden wir eingehen:<\/p>\n","protected":false},"author":1,"featured_media":0,"parent":0,"menu_order":0,"comment_status":"closed","ping_status":"closed","template":"","meta":{"footnotes":""},"class_list":["post-14","page","type-page","status-publish","hentry"],"_links":{"self":[{"href":"https:\/\/wordpress.integriert-studieren.jku.at\/index.php\/wp-json\/wp\/v2\/pages\/14","targetHints":{"allow":["GET"]}}],"collection":[{"href":"https:\/\/wordpress.integriert-studieren.jku.at\/index.php\/wp-json\/wp\/v2\/pages"}],"about":[{"href":"https:\/\/wordpress.integriert-studieren.jku.at\/index.php\/wp-json\/wp\/v2\/types\/page"}],"author":[{"embeddable":true,"href":"https:\/\/wordpress.integriert-studieren.jku.at\/index.php\/wp-json\/wp\/v2\/users\/1"}],"replies":[{"embeddable":true,"href":"https:\/\/wordpress.integriert-studieren.jku.at\/index.php\/wp-json\/wp\/v2\/comments?post=14"}],"version-history":[{"count":22,"href":"https:\/\/wordpress.integriert-studieren.jku.at\/index.php\/wp-json\/wp\/v2\/pages\/14\/revisions"}],"predecessor-version":[{"id":213,"href":"https:\/\/wordpress.integriert-studieren.jku.at\/index.php\/wp-json\/wp\/v2\/pages\/14\/revisions\/213"}],"wp:attachment":[{"href":"https:\/\/wordpress.integriert-studieren.jku.at\/index.php\/wp-json\/wp\/v2\/media?parent=14"}],"curies":[{"name":"wp","href":"https:\/\/api.w.org\/{rel}","templated":true}]}}